culate the highest common factor of 4 and 2735.
1
What is the highest common divisor of 43 and 2239?
1
What is the greatest common factor of 68614 and 364?
182
What is the greatest common factor of 839397 and 26?
13
Calculate the greatest common factor of 10295711 and 647.
647
Calculate the highest common factor of 294924 and 168.
84
Calculate the highest common divisor of 11241 and 169864.
1249
What is the highest common divisor of 1053 and 1248?
39
Calculate the highest common divisor of 390 and 653965.
65
What is the highest common factor of 2226 and 56378?
14
Calculate the greatest common factor of 2314 and 2054.
26
Calculate the greatest common factor of 238350 and 315.
105
Calculate the greatest common factor of 1000 and 230.
10
What is the highest common factor of 114 and 1805133?
57
What is the highest common divisor of 19065 and 7440?
465
Calculate the highest common divisor of 1284 and 128.
4
Calculate the highest common divisor of 1313 and 1287.
13
Calculate the highest common factor of 3013 and 17685.
131
Calculate the highest common factor of 30623 and 22222.
271
What is the highest common factor of 92 and 429778?
46
What is the highest common divisor of 26 and 1810978?
26
Calculate the highest common factor of 28769 and 91.
13
Calculate the greatest common divisor of 1176804 and 1940.
388
What is the greatest common factor of 845720 and 40?
40
Calculate the greatest common factor of 99865 and 8.
1
Calculate the greatest common divisor of 1289720 and 8360.
760
What is the highest common factor of 2144831 and 13?
13
Calculate the highest common factor of 515718 and 21.
21
What is the greatest common factor of 353312 and 32?
32
What is the highest common divisor of 10282 and 66445?
97
What is the greatest common factor of 2485 and 679?
7
Calculate the highest common divisor of 8577 and 212519.
953
Calculate the greatest common divisor of 70053 and 285.
57
Calculate the greatest common factor of 6148 and 8056.
212
Calculate the greatest common divisor of 485537 and 68.
17
Calculate the highest common factor of 29 and 155.
1
What is the highest common divisor of 343 and 748965?
49
Calculate the greatest common divisor of 609 and 742.
7
What is the highest common divisor of 495653 and 361?
361
Calculate the highest common divisor of 10 and 154610.
10
What is the highest common divisor of 176 and 390992?
16
Calculate the greatest common factor of 27099 and 162.
9
Calculate the greatest common divisor of 25 and 550.
25
What is the highest common factor of 90 and 107442?
18
What is the highest common divisor of 1062435 and 66?
33
Calculate the greatest common factor of 5879680 and 640.
640
Calculate the greatest common factor of 891 and 37048.
11
What is the greatest common factor of 228745 and 165?
55
What is the greatest common divisor of 216 and 54342?
18
Calculate the highest common divisor of 1102 and 44022.
58
Calculate the greatest common factor of 237 and 327.
3
What is the greatest common divisor of 105380 and 330?
110
Calculate the highest common divisor of 2704 and 39728.
208
Calculate the highest common factor of 1280 and 8380.
20
What is the highest common divisor of 3890477 and 113?
113
What is the greatest common factor of 2 and 3389?
1
What is the highest common divisor of 12 and 450138?
6
What is the greatest common factor of 304875 and 750?
375
Calculate the greatest common factor of 2002 and 186032.
154
Calculate the greatest common factor of 72457 and 539.
77
What is the greatest common factor of 105265 and 55762?
569
What is the greatest common factor of 431 and 5?
1
What is the highest common factor of 4392 and 400221?
549
What is the highest common factor of 2442264 and 4205?
841
What is the highest common divisor of 601980 and 1140?
60
Calculate the greatest common factor of 432 and 1392.
48
What is the highest common factor of 913410 and 5100?
510
Calculate the highest common divisor of 25802 and 15694.
266
Calculate the greatest common factor of 4151 and 112670.
593
What is the greatest common divisor of 701833 and 429?
11
Calculate the highest common factor of 1352519 and 1316.
329
Calculate the highest common factor of 684216 and 1872.
936
Calculate the highest common factor of 311241 and 945.
21
What is the greatest common factor of 470799 and 34503?
1113
Calculate the greatest common factor of 351 and 213732.
27
Calculate the greatest common factor of 23 and 46161.
23
What is the greatest common factor of 2240 and 9180?
20
Calculate the highest common factor of 197 and 4591282.
197
Calculate the greatest common divisor of 185 and 3455.
5
What is the greatest common divisor of 260666 and 28?
14
Calculate the highest common divisor of 1300 and 7930.
130
What is the highest common factor of 2025 and 2648025?
675
Calculate the highest common divisor of 55640 and 884.
52
Calculate the highest common factor of 33896 and 874.
38
What is the greatest common divisor of 119580 and 102?
6
Calculate the greatest common factor of 149328 and 27234.
306
What is the highest common divisor of 6045568 and 1168?
1168
Calculate the highest common divisor of 160 and 3176920.
40
What is the highest common factor of 111510 and 594?
54
What is the greatest common factor of 1 and 3119?
1
What is the highest common divisor of 194 and 96224?
194
What is the highest common factor of 409915 and 638?
319
Calculate the greatest common divisor of 210490 and 310.
310
Calculate the highest common factor of 989 and 18331.
23
What is the greatest common factor of 77825 and 1925?
275
Calculate the greatest common factor of 3864 and 3432.
24
Calculate the greatest common factor of 222 and 7554.
6
What is the greatest common divisor of 630 and 54450?
90
What is the highest common factor of 279 and 108159?
93
Calculate the greatest common factor of 1042034 and 124.
62
What is the highest common factor of 1128 and 16?
8
Calculate the highest common factor of 8135 and 60.
5
What is the greatest common factor of 5184 and 6156?
324
Calculate the highest common divisor of 24 and 273108.
12
Calculate the highest common factor of 18 and 209997.
9
What is the greatest common divisor of 41690 and 3190?
110
Calculate the greatest common factor of 17111 and 355.
71
Calculate the greatest common divisor of 190 and 5360.
10
Calculate the greatest common divisor of 4682 and 22.
2
Calculate the greatest common factor of 8424 and 147096.
648
What is the greatest common factor of 730 and 25915?
365
What is the greatest common factor of 1496 and 146404?
68
What is the greatest common factor of 248 and 7037?
31
What is the highest common factor of 990 and 105490?
110
What is the greatest common divisor of 8630 and 95?
5
Calculate the greatest common factor of 68709 and 74.
37
What is the greatest common factor of 44 and 1292962?
22
What is the greatest common divisor of 67 and 274?
1
What is the greatest common divisor of 418 and 31306?
22
Calculate the highest common factor of 8475 and 1050.
75
Calculate the greatest common divisor of 6669 and 53703.
351
What is the highest common divisor of 649222 and 2935?
587
What is the highest common factor of 82671 and 204?
51
What is the greatest common factor of 60106 and 50?
2
What is the highest common factor of 262 and 112922?
262
Calculate the highest common divisor of 5 and 28275.
5
What is the highest common factor of 5056 and 1024?
64
Calculate the greatest common factor of 12626 and 10738.
118
Calculate the greatest common divisor of 44128 and 896.
224
What is the greatest common divisor of 3708 and 625725?
927
What is the highest common factor of 84732 and 6532?
92
Calculate the highest common factor of 6479 and 2728.
341
What is the greatest common divisor of 6375 and 1600?
25
Calculate the highest common divisor of 1824 and 1536.
96
What is the highest common divisor of 30890 and 40?
10
What is the highest common factor of 4165 and 19110?
245
What is the greatest common divisor of 14500 and 20996?
116
What is the greatest common factor of 96713 and 17?
17
Calculate the highest common divisor of 282 and 1023942.
282
What is the highest common divisor of 7340 and 46720?
20
What is the greatest common factor of 294 and 59661?
21
Calculate the highest common divisor of 45 and 10314.
9
What is the highest common d